{"version":"1.0","provider_name":"Grupo Segura","provider_url":"https:\/\/www.fsegura.com\/hu\/","author_name":"desarrollo","author_url":"https:\/\/www.fsegura.com\/hu\/author\/desarrollo\/","title":"Grupo Segura egy\u00fcttm\u0171k\u00f6d\u00e9se a szolnoki kult\u00far\u00e1lis integr\u00e1ci\u00f3 \u00e9rdek\u00e9ben - Grupo Segura","type":"rich","width":600,"height":338,"html":"<blockquote class=\"wp-embedded-content\" data-secret=\"uKTB25i6Qr\"><a href=\"https:\/\/www.fsegura.com\/hu\/grupo-segura-egyuttmukodese-a-szolnoki-kulturalis-integracio-erdekeben\/\">Grupo Segura egy\u00fcttm\u0171k\u00f6d\u00e9se a szolnoki kult\u00far\u00e1lis integr\u00e1ci\u00f3 \u00e9rdek\u00e9ben<\/a><\/blockquote><iframe sandbox=\"allow-scripts\" security=\"restricted\" src=\"https:\/\/www.fsegura.com\/hu\/grupo-segura-egyuttmukodese-a-szolnoki-kulturalis-integracio-erdekeben\/embed\/#?secret=uKTB25i6Qr\" width=\"600\" height=\"338\" title=\"&#8220;Grupo Segura egy\u00fcttm\u0171k\u00f6d\u00e9se a szolnoki kult\u00far\u00e1lis integr\u00e1ci\u00f3 \u00e9rdek\u00e9ben&#8221; &#8212; Grupo Segura\" data-secret=\"uKTB25i6Qr\" frameborder=\"0\" marginwidth=\"0\" marginheight=\"0\" scrolling=\"no\" class=\"wp-embedded-content\"><\/iframe><script>\n\/*! This file is auto-generated *\/\n!function(d,l){\"use strict\";l.querySelector&&d.addEventListener&&\"undefined\"!=typeof URL&&(d.wp=d.wp||{},d.wp.receiveEmbedMessage||(d.wp.receiveEmbedMessage=function(e){var t=e.data;if((t||t.secret||t.message||t.value)&&!\/[^a-zA-Z0-9]\/.test(t.secret)){for(var s,r,n,a=l.querySelectorAll('iframe[data-secret=\"'+t.secret+'\"]'),o=l.querySelectorAll('blockquote[data-secret=\"'+t.secret+'\"]'),c=new RegExp(\"^https?:$\",\"i\"),i=0;i<o.length;i++)o[i].style.display=\"none\";for(i=0;i<a.length;i++)s=a[i],e.source===s.contentWindow&&(s.removeAttribute(\"style\"),\"height\"===t.message?(1e3<(r=parseInt(t.value,10))?r=1e3:~~r<200&&(r=200),s.height=r):\"link\"===t.message&&(r=new URL(s.getAttribute(\"src\")),n=new URL(t.value),c.test(n.protocol))&&n.host===r.host&&l.activeElement===s&&(d.top.location.href=t.value))}},d.addEventListener(\"message\",d.wp.receiveEmbedMessage,!1),l.addEventListener(\"DOMContentLoaded\",function(){for(var e,t,s=l.querySelectorAll(\"iframe.wp-embedded-content\"),r=0;r<s.length;r++)(t=(e=s[r]).getAttribute(\"data-secret\"))||(t=Math.random().toString(36).substring(2,12),e.src+=\"#?secret=\"+t,e.setAttribute(\"data-secret\",t)),e.contentWindow.postMessage({message:\"ready\",secret:t},\"*\")},!1)))}(window,document);\n\/\/# sourceURL=https:\/\/www.fsegura.com\/wp-includes\/js\/wp-embed.min.js\n<\/script>\n","thumbnail_url":"https:\/\/www.fsegura.com\/wp-content\/uploads\/2025\/11\/F-Segura-4.jpg","thumbnail_width":640,"thumbnail_height":420,"description":"A Grupo Segura magyarorsz\u00e1gi megval\u00f3s\u00edt\u00e1s\u00e1nak tizedik \u00e9vfordul\u00f3j\u00e1hoz k\u00f6zeledv\u00e9n, \u00e9s a v\u00e1llalati t\u00e1rsadalmi felel\u0151ss\u00e9gv\u00e1llal\u00e1s\u00e1nak, a soksz\u00edn\u0171s\u00e9gnek, valamint az integr\u00e1ci\u00f3s kezdem\u00e9nyez\u00e9seinek t\u00fckr\u00e9ben okt\u00f3ber 17.-\u00e9n gy\u00e1rigazgat\u00f3nk, Lipt\u00e1k-Feg\u00f3 L\u00e1szl\u00f3, egy \u00fcnnep\u00e9lyes aktus keret\u00e9ben spanyol nyelv\u0171 oktat\u00f3 k\u00f6nyveket ny\u00fajtott \u00e1t c\u00e9gcsoportunk nev\u00e9ben a Verseghy Ferenc Gimn\u00e1zium igazgat\u00f3j\u00e1nak, Pog\u00e1ny Gyul\u00e1nak. A szolnoki Verseghy Ferenc Gimn\u00e1zium 14 \u2013 18 \u00e9ves tanul\u00f3inak id\u00e9n [&hellip;]"}

Grupo Segura együttműködése a szolnoki kultúrális integráció érdekében - Grupo Segura

<blockquote class="wp-embedded-content" data-secret="uKTB25i6Qr"><a href="https://www.fsegura.com/hu/grupo-segura-egyuttmukodese-a-szolnoki-kulturalis-integracio-erdekeben/">Grupo Segura együttműködése a szolnoki kultúrális integráció érdekében</a></blockquote><iframe sandbox="allow-scripts" security="restricted" src="https://www.fsegura.com/hu/grupo-segura-egyuttmukodese-a-szolnoki-kulturalis-integracio-erdekeben/embed/#?secret=uKTB25i6Qr" width="600" height="338" title="&#8220;Grupo Segura együttműködése a szolnoki kultúrális integráció érdekében&#8221; &#8212; Grupo Segura" data-secret="uKTB25i6Qr" frameborder="0" marginwidth="0" marginheight="0" scrolling="no" class="wp-embedded-content"></iframe><script>
/*! This file is auto-generated */
!function(d,l){"use strict";l.querySelector&&d.addEventListener&&"undefined"!=typeof URL&&(d.wp=d.wp||{},d.wp.receiveEmbedMessage||(d.wp.receiveEmbedMessage=function(e){var t=e.data;if((t||t.secret||t.message||t.value)&&!/[^a-zA-Z0-9]/.test(t.secret)){for(var s,r,n,a=l.querySelectorAll('iframe[data-secret="'+t.secret+'"]'),o=l.querySelectorAll('blockquote[data-secret="'+t.secret+'"]'),c=new RegExp("^https?:$","i"),i=0;i<o.length;i++)o[i].style.display="none";for(i=0;i<a.length;i++)s=a[i],e.source===s.contentWindow&&(s.removeAttribute("style"),"height"===t.message?(1e3<(r=parseInt(t.value,10))?r=1e3:~~r<200&&(r=200),s.height=r):"link"===t.message&&(r=new URL(s.getAttribute("src")),n=new URL(t.value),c.test(n.protocol))&&n.host===r.host&&l.activeElement===s&&(d.top.location.href=t.value))}},d.addEventListener("message",d.wp.receiveEmbedMessage,!1),l.addEventListener("DOMContentLoaded",function(){for(var e,t,s=l.querySelectorAll("iframe.wp-embedded-content"),r=0;r<s.length;r++)(t=(e=s[r]).getAttribute("data-secret"))||(t=Math.random().toString(36).substring(2,12),e.src+="#?secret="+t,e.setAttribute("data-secret",t)),e.contentWindow.postMessage({message:"ready",secret:t},"*")},!1)))}(window,document);
//# sourceURL=https://www.fsegura.com/wp-includes/js/wp-embed.min.js
</script>

A Grupo Segura magyarországi megvalósításának tizedik évfordulójához közeledvén, és a vállalati társadalmi felelősségvállalásának, a sokszínűségnek, valamint az integrációs kezdeményezéseinek tükrében október 17.-én gyárigazgatónk, Lipták-Fegó László, egy ünnepélyes aktus keretében spanyol nyelvű oktató könyveket nyújtott át cégcsoportunk nevében a Verseghy Ferenc Gimnázium igazgatójának, Pogány Gyulának. A szolnoki Verseghy Ferenc Gimnázium 14 – 18 éves tanulóinak idén [&hellip;]
